?
38
Let p = -777 - -975. Calculate the remainder when p is divided by 2/(-2) + 4 - (12 - 50).
34
Let k be (-2)/28 - (-433422)/(-3388). Let w(o) = -37*o + 4. Let n be w(4). Let r = k - n. Calculate the remainder when 35 is divided by r.
3
Let q = 9387 - 9354. What is the remainder when 58 is divided by q?
25
Calculate the remainder when 210 - (15 + -6 + 0) - 1 is divided by 90.
20
Let d = -796 - -1986. Suppose d - 280 = 10*a. Calculate the remainder when a is divided by 28.
7
Suppose 4*b - 1304 = y, 2*b - y = y + 658. Let d be (4/(-5))/((-5)/b*2). Let m = -23 + d. Calculate the remainder when m is divided by 3.
0
What is the remainder when 720 is divided by (-146)/(-3 - (-1 + -1)/1)?
136
Let z(w) = -w**3 + 8*w**2 - w + 9. Let m be z(8). Suppose o + 3*d = -4, -o + d = 3 + m. Calculate the remainder when 67 is divided by 2*(0 - 70/o).
32
Suppose 0 = 2*o + 112*l - 116*l - 136, -5*l + 190 = 2*o. What is the remainder when 101 is divided by o?
21
Let o(y) = -3286*y + 26910. Calculate the remainder when o(8) is divided by (4/(-3))/((-1)/18).
22
Suppose 230*q + 11429 = 343*q - 888. What is the remainder when 2158 is divided by q?
87
Suppose 104 = 3*f + 5*j, 0*f + 5*j = -f + 28. Suppose -18 = 5*v - f. Suppose -80 = -t - v*t. Calculate the remainder when 25 is divided by t.
9
Let j(y) = 38*y**2 + 1. Let v be ((-28)/(-6))/(22/33). What is the remainder when 6/v*(-266)/(-3) is divided by j(-1)?
37
Let t = -54 + 46. Let b be ((-2626)/(-52))/((-2)/(-4)). Let y = b + t. Calculate the remainder when y is divided by 32.
29
Let c(t) = -t + 24. Let l(u) = -31*u - 6. What is the remainder when l(-11) is divided by c(10)?
13
Let u(a) = 9*a**2 - a. Let s be u(-2). Let n = s - 81. Let m = -30 - n. Calculate the remainder when 24 is divided by m.
11
Suppose 7061 = -222*r + 245*r. Calculate the remainder when r is divided by 41.
20
Let w = 6435 + -5618. What is the remainder when w is divided by 202?
9
Let y = -3 - -6. Suppose 0 = 14*p - 21 - 21. Suppose 2*k = -c - k + p, 5*k + 79 = y*c. What is the remainder when 46 is divided by c?
10
Calculate the remainder when 590 is divided by -42 + (-264810)/(-442) - 4/34.
33
Let u(z) = z**2 - 15*z + 13. Calculate the remainder when 5359 is divided by u(-3).
66
Let v(l) be the third derivative of -l**5/60 + l**4/2 - 11*l**3/6 - 2*l**2 - 2. What is the remainder when 73 is divided by v(7)?
1
Let f(g) = -g**3 + 13*g - 8*g + 3*g**2 - 34*g - 52*g**2 - 17*g + 102. Let p(l) = 4*l. Calculate the remainder when p(2) is divided by f(-48).
2
Let n(d) = -2*d**3 + 66*d**2 - 121*d - 20. Calculate the remainder when n(31) is divided by 5.
3
Let b = 6441 - 6294. Calculate the remainder when b is divided by 38.
33
Let t = 42 + -19. Suppose -t + 79 = 8*f. What is the remainder when 138 is divided by f?
5
Let y(k) = -2*k**2 + 123*k - 682. Calculate the remainder when 999 is divided by y(7).
27
Let t(n) = n + 9. Let f(v) = 2. Let k(g) = -18*f(g) + 4*t(g). Let x(y) = -y**2 - 24*y + 832. What is the remainder when k(7) is divided by x(-43)?
13
Suppose -10596*m + 10625*m - 2465 = 0. What is the remainder when m is divided by (-6)/(-10) - (-444)/10?
40
Let j be (-446)/(-8) + (-60)/80 - 4. Suppose -q + 45 = -r + 2*r, 0 = r + 2*q - 45. Let u = j - r. Calculate the remainder when 28 is divided by u.
4
Let b = -315 + 319. Suppose 0 = -b*h + 310 + 26. Suppose 0*w + 2*w - 58 = 0. What is the remainder when h is divided by w?
26
Suppose -4249 - 55199 = -24*x. What is the remainder when x is divided by 16?
13
Let f(j) = -j**2 + 3*j + 1. Let u be f(3). Let i(d) = -28*d**3 + 255*d**2 - 33*d + 74. Calculate the remainder when 99 - u/(1 - 0) is divided by i(9).
18
Let k(b) = -18*b + 7. Let m = -122 - -121. What is the remainder when 55 is divided by k(m)?
5
Suppose -66*q + 86 = -112. Suppose 6*c = -0*c + 132. What is the remainder when c is divided by q?
1
Suppose 0 = 2*j - 0*j - 80. Suppose 9*f = f + j. Suppose 0 = -3*c + 6*c + f*x - 88, 27 = c + 4*x. Calculate the remainder when 151 is divided by c.
27
Let t = -440 - -133. Let y = t - -358. Calculate the remainder when 86 is divided by y.
35
Let c(b) = 4*b - 28. Let i be c(9). Let l be (-2)/i - (-5)/((-20)/(-117)). Suppose -26*t = -l*t + 63. What is the remainder when 60 is divided by t?
18
Suppose f - 25 = -4*f. Suppose 0 = f*l - 5. Let k(w) = w**2 - 4*w - 29. What is the remainder when k(8) is divided by l?
0
Suppose 11*k + 260 = 31*k. What is the remainder when ((-18)/4)/((-4)/40) is divided by 75/(-150) + k/2?
3
Suppose 5*m - 1025 - 515 = 0. Suppose 4*x - 5*q = -7*q + m, -2*q + 154 = 2*x. Let h = 4 + 1. What is the remainder when x is divided by h?
2
Let k be 2/(-21)*-3 - 352/56. Let f(b) = 2*b**2 + b**3 - 13 + 13*b**2 - 8*b**2. Calculate the remainder when f(k) is divided by 13.
10
Let j(r) = -81*r + 3. Let s = -130 - -124. Calculate the remainder when j(s) is divided by 41.
38
Suppose 6*m + 661 = 775. Calculate the remainder when 98 is divided by m.
3
Suppose -d + 2*i = 189, d + 772 = -3*d + 4*i. What is the remainder when (d/3)/(2/(-6)) is divided by 40?
37
What is the remainder when (2421/15 + 11)*(-70)/(-4) is divided by 1004?
5
Suppose 764 = 17*q - 766. Suppose -q*l + 97*l - 1470 = 0. Calculate the remainder when l is divided by 112.
98
Suppose 2*c - 4*s - 174 = 14, -2*c + 179 = 5*s. Calculate the remainder when c is divided by ((-264)/30)/(4/(-10)).
4
Suppose 0 = -3*r + 6, -4*d - 24*r = -19*r - 98. What is the remainder when 1691 is divided by d?
19
Let q(m) = -19 - 742*m**2 + 741*m**2 + 17*m - 3*m + 7*m. What is the remainder when 52 is divided by q(19)?
14
Suppose 2351*m = 2342*m + 3357. Calculate the remainder when m is divided by 124.
1
Let t = 844 - 741. What is the remainder when t is divided by 47?
9
Suppose -3*f = -4*l - 168, 2*f + 108 = -2*l + 206. Calculate the remainder when 5 + -4 - (-309 + 1) is divided by f.
49
Let i(x) be the second derivative of 0 + 1/3*x**3 + 1/12*x**4 + 38*x - 5*x**2. Calculate the remainder when 123 is divided by i(5).
23
Let a(w) = -3*w - 14. Suppose -9*z + 48 = -12*z. What is the remainder when a(z) is divided by 3 + 8/(-2) + (10 - 3)?
4
Let v = -92 - -51. Suppose 3*l = -6 + 45. What is the remainder when -5 + 3 + (-1 - v) is divided by l?
12
Suppose 29*r - 35*r = -234. Calculate the remainder when r is divided by 11*(-5)/15*-6.
17
Let b(x) = x**2 + 75*x + 2890. What is the remainder when b(-77) is divided by 113?
106
Suppose 0*u = -3*u + k + 587, 0 = -6*u + 4*k + 1166. Let i = -45 + 67. Calculate the remainder when u is divided by i.
21
Suppose -308 - 27 = -67*q. Suppose -c = q*v - 1267, -2543 = -2*c + 49*v - 50*v. Calculate the remainder when c is divided by 51.
48
Let k(g) = -68*g - 3679. What is the remainder when k(-73) is divided by 184?
181
Let m(x) = -x**2 + 24*x + 51. Let n be -1 - (5 + -5 - 25). Calculate the remainder when m(n) is divided by 18.
15
Let v = -8100 + 8151. Calculate the remainder when 162 is divided by v.
9
Suppose -u + 9 = 5*q, 4*q + 4*u = 24 - 20. Suppose -4*x - 210 = -2*r, -r + 5*r + q*x = 450. What is the remainder when r is divided by 14?
13
What is the remainder when -6*4/16*-118 is divided by 56?
9
Let z(u) be the first derivative of 9*u**2 - 124*u - 18. What is the remainder when 32 is divided by z(8)?
12
Let b = 9887 - 4890. What is the remainder when b is divided by 200?
197
Let h(g) = g**3 - 6*g**2 - g + 9. Let c be h(6). Suppose 196 = 3*i - l, 3*l = 6*l + c. Calculate the remainder when 324 is divided by i.
64
Let z be 0/(-2)*32/64. Suppose 4*t = 14 - 10, 4*p + t - 757 = z. What is the remainder when p is divided by 64?
61
Suppose 4*c + 2*b - 36 = 0, 2*b + 13 + 0 = 3*c. Suppose 6 = 3*q - q. Suppose 43 = q*d + 5*a, 0*a - 3*a + 61 = 5*d. What is the remainder when d is divided by c?
4
Suppose -20 = -4*v, -2*z = -2*v - 2*v + 8. Suppose 95 = z*s - 265. Suppose -2*g + 80 = 3*g. Calculate the remainder when s is divided by g.
12
Let a(i) = i**3 + 5*i**2 + 5*i - 3. Let w be a(-4). Suppose c - 4*k = 2*c - 8, c - k - 18 = 0. Let q = c - w. Calculate the remainder when q is divided by 16.
7
Suppose 4*c - 5*n = -3*n - 438, 4*n = 5*c + 549. Suppose 9*t - 15*t = 570. Let b = t - c. Calculate the remainder when 54 is divided by b.
12
Let d(i) be the first derivative of -i**4/2 - i**3/3 + i**2/2 + 2*i + 6. What is the remainder when 3